?
True
Let g(m) = 78*m**2 + 4*m - 7. Let c(k) = 78*k**2 + 3*k - 7. Let l(v) = 7*c(v) - 6*g(v). Is l(-4) prime?
False
Let u(x) = x**3 - 3*x**2 + 20*x - 103. Is u(13) composite?
False
Suppose -5*a = 3*i + 1801, i - a + 3*a + 601 = 0. Let m = i + 392. Let c = -128 - m. Is c a composite number?
True
Suppose -5*h = y - 301, -4*h = -0*y + y - 302. Let u = y + 439. Is u composite?
True
Suppose 2 = f, o + 4*f - 18 = -o. Suppose 2077 = o*v - 4*v. Is v prime?
False
Let o(m) = 184*m**2 + 17*m - 32. Is o(13) a composite number?
True
Suppose -x = -5*m - 4*x - 7742, -m - 2*x = 1547. Let s = m - -3108. Is s a prime number?
True
Suppose 26*o - 23*o + 21 = 0. Is (35/(-20))/o*6044 composite?
False
Let j be (-2962)/13 - (-6)/(-39). Let p = -149 - j. Suppose -5*w + 4*w + p = 0. Is w prime?
True
Let w be (12/36)/((-2)/(-6)). Suppose -3*f + 11 = -w, 3*k - 541 = -4*f. Suppose 0 = 5*y - 2*q + 76 - 491, -2*y + k = q. Is y prime?
False
Let z(g) = 632*g + 17. Is z(18) a composite number?
False
Let m(z) = -168*z + 247. Is m(-20) a prime number?
True
Let l = -8546 + 12243. Is l a prime number?
True
Let a = 67 - 35. Suppose 2*r - 3*r = l - a, -r = 4*l - 20. Is (-1210)/(-3) + (-12)/r a prime number?
False
Let f = -738 - -1955. Is f prime?
True
Let l = 3560 - 1519. Is l prime?
False
Suppose 0 = 9*v - 8*v. Suppose 2*k - 5770 = 3*m, m - 1 - 3 = v. Suppose 2*d + k = 9*d. Is d composite?
True
Let u = 572 + -35. Is u prime?
False
Let f(i) = 26023*i**2 + 10*i - 2. Is f(1) a composite number?
True
Let k = -21325 - -42898. Let o = k + -15376. Is o a prime number?
True
Let p(x) = 15*x. Let d be p(-1). Let h be (5/3)/(d/(-18)). Suppose -2*o + 4*y = -526, 3*o - h*y - 16 = 765. Is o a prime number?
False
Suppose -6243 = -9*w + 5250. Is w composite?
False
Let g be 156/(12/8 - 2). Let y = -694 - g. Is 1/((-2)/y*1) a composite number?
False
Let i be (1 + -3)*(-3974)/(-4). Let p = -810 - i. Is p prime?
False
Suppose 13*w - 144851 = 6*w. Is w prime?
True
Suppose 0 = 12*n + 27683 - 99767. Is n composite?
False
Suppose 0 = -4*g + 5*g. Is (-10894)/(-2) + 1/2*g a prime number?
False
Let z = 13300 - 6206. Is z a composite number?
True
Let y(f) = f - 1. Let s(i) = 24*i + 13. Let m(u) = s(u) + 4*y(u). Let h be (-4)/(((-1)/(-3))/(20/(-80))). Is m(h) a composite number?
True
Suppose -5*f + 41 = -v, -f + 6*f = -5*v - 85. Is (-2)/3 - 27713/v a composite number?
False
Let l be 1*(0 + 2 + -3). Is 359*l/(0 + -1) prime?
True
Suppose 3*m - 2 = -2*j, -m + 11 = 3*m + j. Suppose -365 = -m*r + 2799. Is r a composite number?
True
Suppose 2*q - 1941 - 2845 = 0. Is q prime?
True
Suppose -131362 = 71*j - 85*j. Is j a prime number?
False
Suppose -4*r + j + 6 = 4*j, 0 = -5*r + 4*j - 8. Suppose r = -f - 10. Is (-595)/f - (-1)/(-2) composite?
False
Is (-11663)/(-6) + 30/(-36) a prime number?
False
Let j(w) = 114*w**3 - 3*w**2 + 3*w - 23. Is j(4) composite?
False
Let c(m) = -2*m**3 - 26*m**2 - 18*m + 173. Is c(-21) a prime number?
True
Is (-2 - -2 - -5033) + -4 prime?
False
Let n = 68 - 43. Let m = n - 29. Is m/26 + 7570/26 a prime number?
False
Let d = -33 - -19. Let r = -10 - d. Suppose -4*z = -4*o - 1604, -z + r*o = o - 409. Is z prime?
True
Suppose 44*g = 41*g + 3900. Let a = g - 569. Is a a prime number?
False
Let g = 23 + -17. Let k(y) = 34*y**2 + 3*y + 7. Is k(g) composite?
False
Let w = 4 - -5. Let p(z) = 2*z**3 + w - 5*z**2 + 4*z - 16 + 12. Is p(4) composite?
True
Suppose -5*t = n + 2*n + 131, 2*t - 4 = 0. Let o = n - -814. Is o prime?
False
Let z = 26 - 22. Let r be z - (4 - 3) - 0. Suppose -r*j + l + 295 = -0*l, 0 = -3*l - 12. Is j composite?
False
Is (28892/(-6))/(24/(-36)) a prime number?
False
Suppose -b - 3*a + 220 = -153, 0 = -b + 3*a + 391. Let n = -51 + b. Is n/((-2 - 0) + 3) composite?
False
Let n(r) = -12*r + 4*r + r**2 - 7 + 0*r**2. Let a be n(8). Let z = a - -26. Is z prime?
True
Let l = 53 + -46. Suppose -l*j - 3027 = -10*j. Is j composite?
False
Suppose 0*l = 2*a + l - 41953, 3*l = 5*a - 104888. Is a prime?
False
Let k(r) = 3*r + 58 - 30*r - 56. Is k(-7) composite?
False
Let t be 285/(-38)*(-124)/6. Let s(h) = -h - 9. Let g be s(-9). Suppose c - 30 = 2*m + t, -5*c - 2*m + 961 = g. Is c composite?
False
Let c(y) = -1 - 2*y + y - 60*y**2 + 258*y**2. Is c(4) a composite number?
False
Let u(z) = -140*z + 22. Let s be u(-3). Suppose 2*g - 456 = 5*w, g + 2*w - s = -g. Is g composite?
False
Suppose 0*m = -25*m + 484325. Is m prime?
True
Suppose -3*f + 1726 = 5*s - 675, -5*s + 2403 = 4*f. Suppose 0 = -5*t + s + 1326. Is t a prime number?
False
Suppose 33*i - 25*i = 71608. Is i composite?
False
Let m(r) = -2*r**3 - 4*r**2 - 6*r - 1. Suppose 2*i + 2*u = 7*i + 17, -3*u + 3 = -3*i. Is m(i) a composite number?
False
Let q(d) = 9*d + 104. Is q(21) a composite number?
False
Let t(b) = -b - 12. Let g be t(-15). Is (10/6)/((-3)/((-459)/g)) a prime number?
False
Suppose 2*v + 4*t + 8 = 0, 4*v + t - 21 + 2 = 0. Suppose v*a - 3*a - 261 = 0. Is a a prime number?
False
Is ((-19746)/(-54))/((-2)/(-30)) a prime number?
False
Suppose 4*q - 2*n - 11966 = 0, -1385 = q - 3*n - 4369. Is q prime?
False
Let q(k) = 34*k**2 + 45*k + 53. Is q(-12) prime?
True
Let s = -960 + 1549. Is s a prime number?
False
Let i be (-7)/14 + 2/4. Suppose 5*u - 46980 = 5*g, -3*u + 0*u + 4*g + 28193 = i. Is u composite?
False
Suppose -28*z + 32*z - 60 = 0. Is z/((-12)/4)*(-514)/10 a composite number?
False
Let d = 997 + -572. Suppose -d = -68*f + 63*f. Is f prime?
False
Suppose -z - 15532 = -2*z - q, 3*z - 46556 = 5*q. Is z a composite number?
False
Suppose -3*t = -9, -2*c + 4*t = 3 + 3. Suppose c*q - 375 = 3066. Is q composite?
True
Let t = 7160 - -1655. Suppose -109*u + t = -104*u. Is u a composite number?
True
Let g(y) = -y**3 + 17*y**2 + 21*y - 7. Let o be g(18). Suppose -5*z = -i - 32, 0*z - 5*z = 4*i - o. Is z composite?
False
Suppose -n - 6 = -4*n. Suppose 0 = -n*o + 16. Is (1*-2)/(o/(-1004)) a composite number?
False
Let n be (-2)/(1 + (-1710)/1706). Suppose 2*t - 3047 = -n. Is t prime?
True
Let f(l) = 19*l**2 - 3*l + 2. Let x be f(-3). Suppose x = 2*p - 0*p. Is p a prime number?
False
Let w = 5441 + 372. Is w composite?
False
Let k = 2 - 3. Let h be ((-2)/2)/(5/20). Is (98/h)/(k/2) a prime number?
False
Is 3*4/(-42) + 931500/84 prime?
False
Suppose 0 = 3*c - 4*f - 31477, -19*c - 4*f + 52515 = -14*c. Is c prime?
True
Suppose 3*f - 22 = 2*f. Let l = 17 - f. Let i(x) = -53*x - 12. Is i(l) composite?
True
Let q = -18 - -21. Let t(w) = 2*w - 7. Let m be t(6). Suppose q*h - h - 75 = a, m = -5*a. Is h a prime number?
True
Let m = 778 + 495. Is m a composite number?
True
Let d be (-3)/(-6) + (-2)/4. Let c(n) = -1 + 3 - 4 + d*n**3 - 3*n**3. Is c(-2) prime?
False
Suppose 4*p = -p. Suppose 0 = 5*i - 2*z + 171, p = -2*i + 2*z - 3*z - 63. Let u = 10 - i. Is u composite?
False
Suppose -j - 198 = -3*j. Suppose -j = -i - 1063. Is 2/(4 - i/(-242)) a prime number?
False
Let k(f) = 3238*f - 5. Let i be k(1). Let n = 5473 - 7751. Let a = n + i. Is a a prime number?
False
Let j = 164 + 78. Let t be (-6)/(-4) + 333/(-2). Let l = t + j. Is l a composite number?
True
Let p(z) = 3*z**2 - 6*z + 5. Suppose 2*i - 12 = -i. Let x be p(i). Suppose 0 = o - 5*b - x - 73, 165 = 2*o + 3*b. Is o prime?
False
Let l = -22 + 0. Is 33/l + 1250/4 a prime number?
True
Suppose 5*o + 1897 = 3*h - 323, 5*o - 1505 = -2*h. Suppose 0 = -9*w + 4*w + h. Is w composite?
False
Let v(x) be the second derivative of x**4/12 - x**3 - 3*x**2 - 2*x. Let l(o) = o**2 + 7*o. Let s be l(-8). Is v(s) a composite number?
True
Let f(j) = -863*j + 84. Is f(-23) composite?
True
Suppose -7 = -h - 5*k, -4*h - 3*k - 2*k = -13. Suppose -367 = -h*p - 81. Let j = p - 50. Is j a prime number?
False
Let x = -207 - -884. Is x composite?
False
Is 7 - -612*483/14 prime?
True
Is (-166575)/(-30)*(-3 + 6 + -1) a prime number?
False
Let k(s) = -s + 8. Let t be k(4). Suppose 0 = b + 2*b + 5*j - 7, 0 = -b - t*j. Suppose -b*u = 16, -u - 3*u + 1002 = 2*v. Is v a prime number?
True
Let m = -6 + 46. Let n = -1193 - -1187. Let a = m - n. Is a composite?
True
Suppose c - 3 = -q, -2*c - 16 = -4*q + 2. Suppose i - y = 2*y + 401, q*i = -3*y + 1634. Is i composite?
True
Let l = -206 + 1855. Is l composite?
True
Let c be (-4)/(-14) - (-19)/7. Suppose -c*k + 2*x = -4079, 9*k + 3*x - 6811 = 4*k. Is k a composite number?
False
Sup